 what is -1100010011110010111 + 11010?
-1100010011101111101
In base 15, what is -2 + 56c3ca?
56c3c8
In base 15, what is -1 + -879d996?
-879d997
In base 5, what is -10 - 3024002231?
-3024002241
In base 2, what is -1000011101110011100000 - -111110?
-1000011101110010100010
In base 2, what is -100010111111101111010000110 + 1000?
-100010111111101111001111110
In base 7, what is 1 - 515244254?
-515244253
In base 3, what is 22112112 - 10211?
22101201
In base 7, what is -3 - -146313234?
146313231
In base 11, what is -455 + -1918?
-2272
In base 9, what is 623 - -222428?
223152
In base 2, what is -11010011 - 10100101110101110?
-10100110010000001
In base 11, what is -61543 + -42?
-61585
In base 4, what is -1 - 13331021231?
-13331021232
In base 14, what is 1 - -78b392?
78b393
In base 13, what is -17a14 - 130?
-17b44
In base 11, what is -13 - -581532?
58151a
In base 6, what is 201 + -230025130?
-230024525
In base 5, what is 133304 + 14040?
202344
In base 12, what is -5 - 1aa3a2a?
-1aa3a33
In base 16, what is aff37b - 4?
aff377
In base 15, what is 2 - 3105b?
-31059
In base 16, what is -4 + -3ead514?
-3ead518
In base 5, what is 4234 - -111030?
120314
In base 2, what is 1000100000 - 10110000011100?
-10100111111100
In base 10, what is -13 - -2051733?
2051720
In base 7, what is -5652214 + 2?
-5652212
In base 16, what is 3 - 7cfbe?
-7cfbb
In base 13, what is -1c54 + -4732?
-6686
In base 3, what is 220021020011101120 + -1?
220021020011101112
In base 2, what is 100001000100101000 - 1001000?
100001000011100000
In base 13, what is 1a7 - 616312?
-616138
In base 11, what is -9a26902 + -11?
-9a26913
In base 16, what is -4 + cafebb?
cafeb7
In base 4, what is -112 - -32002001?
32001223
In base 13, what is -2139181a - -4?
-21391816
In base 4, what is -1120213212 - 122?
-1120220000
In base 12, what is -48 + 242b376?
242b32a
In base 13, what is 1b + 93006?
93024
In base 12, what is 1043 - -198b?
2a12
In base 2, what is -1011100110111 + -110011011010?
-10010000010001
In base 10, what is -3073 - 2072?
-5145
In base 10, what is -27238 + -3762?
-31000
In base 13, what is 7a6b - -14?
7a82
In base 15, what is -99014 + -1?
-99015
In base 15, what is -1b8 + -18b25?
-18cdd
In base 4, what is -11 - -21022203?
21022132
In base 5, what is -443222121 - 12?
-443222133
In base 2, what is -1010010011001000101011 - 100?
-1010010011001000101111
In base 15, what is -225 + 49b8?
4793
In base 11, what is 2772745 + 10?
2772755
In base 7, what is -154531 - 3543?
-161404
In base 14, what is -292 + -21564?
-21816
In base 16, what is 594a - 285?
56c5
In base 6, what is 13234 - -340543?
354221
In base 12, what is 1a48 + -256?
17b2
In base 16, what is -d + -873d6?
-873e3
In base 13, what is -34 + -420282?
-4202b6
In base 5, what is 10 + -2111022101?
-2111022041
In base 3, what is 2 + -12201210100211?
-12201210100202
In base 4, what is 120300 - -2130313202?
2131100102
In base 9, what is -36454186 - 4?
-36454201
In base 15, what is 29b + b644?
b8e0
In base 15, what is 5 - 165ec0?
-165eba
In base 13, what is -31599b7 + 6?
-31599b1
In base 5, what is -3110104 - 14442?
-3130101
In base 8, what is -12 + -53742?
-53754
In base 10, what is 0 - -439294?
439294
In base 14, what is 1 - 113bdaa?
-113bda9
In base 2, what is 1001010 - -111011110000111011110111?
111011110000111101000001
In base 6, what is 4314210 - -114?
4314324
In base 16, what is -665c3 - a6?
-66669
In base 10, what is -71487 - 123?
-71610
In base 5, what is -2 + -3233201031?
-3233201033
In base 14, what is 210 - -2a0cdc?
2a110c
In base 3, what is -212221102 - -111121?
-212102211
In base 4, what is 230110021210 + 2?
230110021212
In base 12, what is 2838044 - 1b?
2838025
In base 14, what is -2 + -3d89a?
-3d89c
In base 9, what is 267 + -6323131?
-6322753
In base 15, what is -9c + 13e64?
13db7
In base 3, what is -12 - -22111111022211?
22111111022122
In base 5, what is 2 - -113111132?
113111134
In base 6, what is -52015350 - -311?
-52015035
In base 7, what is 11 + 135102364?
135102405
In base 8, what is -2643 - -15371?
12526
In base 10, what is 79 + -1426972?
-1426893
In base 16, what is -5dc2c7 - -8?
-5dc2bf
In base 12, what is 6a9730 - 40a?
6a9322
In base 6, what is 241533403314 + 1?
241533403315
In base 11, what is -1 - -12903594?
12903593
In base 7, what is 13201 + -6060?
4111
In base 6, what is -4 - -253453510?
253453502
In base 9, what is -34 - -2217?
2173
In base 3, what is -20120210 - -21010211121?
20220020211
In base 7, what is 314505 + 242?
315050
In base 4, what is 1201221113113 + -10?
1201221113103
In base 9, what is 843523 - -301?
843824
In base 14, what is bd4bd9 + -3?
bd4bd6
In base 5, what is -202 + 140134124?
140133422
In base 13, what is -3659ab63 - -5?
-3659ab5b
In base 6, what is 222342 - -4211?
230553
In base 3, what is -110220022121110 - 2001?
-110220022200111
In base 13, what is -948c8 + 1b?
-948aa
In base 14, what is 29153a0 - 13?
291538b
In base 4, what is 12 + -11212210102101?
-11212210102023
In base 3, what is 2211 - 12110210?
-12100222
In base 6, what is 1 - -110022310?
110022311
In base 15, what is -3 - -a7c8ce0?
a7c8cdc
In base 9, what is 485477121 - 3?
485477117
In base 2, what is -1 - -111000000101010110001101?
111000000101010110001100
In base 2, what is 11001011000100 - 1000010001?
11000010110011
In base 9, what is 1724 - 87265?
-85441
In base 13, what is -69 - -10a1752?
10a16b6
In base 5, what is 44 - -2022003212?
2022003311
In base 9, what is -103578 + 46?
-103532
In base 12, what is -265223415 - -5?
-265223410
In base 6, what is -204 - 10302021?
-10302225
In base 11, what is -56103976 - 0?
-56103976
In base 9, what is -4 - -4881457?
4881453
In base 10, what is 470840222 - 4?
470840218
In base 10, what is 3 + -41513688?
-41513685
In base 10, what is -184 - 20650?
-20834
In base 4, what is -120233212 + 221123?
-120012023
In base 6, what is -4 + -21004020?
-21004024
In base 5, what is 30 + 200004040?
200004120
In base 13, what is -1675007 + -8?
-1675012
In base 14, what is -adb767 - -9?
-adb75c
In base 6, what is -50504 + -13?
-50521
In base 10, what is 59949909 - 2?
59949907
In base 10, what is 3 - -3186068?
3186071
In base 10, what is 0 + -40496632?
-40496632
In base 15, what is 123a - 387c?
-2642
In base 3, what is -120111 - -20220222?
20100111
In base 13, what is -a2476b5 + -2?
-a2476b7
In base 12, what is 2576a1a - 3?
2576a17
In base 5, what is 40241433 + -3324?
40233104
In base 3, what is -11 + 2102100202212212?
2102100202212201
In base 15, what is -1 - 3a296bb?
-3a296bc
In base 8, what is 104315 - -17533?
124050
In base 4, what is -10 + -10110213332323?
-10110213332333
In base 4, what is 300130311 - 230?
300130021
In base 3, what is 112011210222022002 + 0?
112011210222022002
In base 8, what is 4 - -540330712?
540330716
In base 7, what is -23542 + 52542?
26000
In base 13, what is 6b7c + -b80?
5ccc
In base 3, what is 10112120002001 + 1?
10112120002002
In base 14, what is 119865a12 + 5?
119865a17
In base 2, what is 0 - -1001110011010111011000?
1001110011010111011000
In base 2, what is -111001111000010 - -111100101010?
-110010010011000
In base 8, what is -117 + 3012564?
3012445
In base 3, what is 0 - -1101200200020011?
1101200200020011
In base 7, what is -34643 - -50460?
12514
In base 9, what is -131170 - -3304?
-126765
In base 11, what is -5 - -15155072?
15155068
In base 13, what is -3 + 8390a3?
8390a0
In base 12, what is -3aab07 - 68?
-3aab73
In base 4, what is -2230212323000 + -2?
-2230212323002
In base 8, what is 4142226 - 52?
4142154
In base 14, what is 13 - -c767d?
c7692
In base 13, what is 2981389 + -3?
2981386
In base 7, what is 1106330 - 1350?
1104650
In base 13, what is 4178c18 - 4?
4178c14
In base 12, what is 6 - 1004b26?
-1004b20
In base 14, what is -34 + 17?
-1b
In base 12, what is -93a4 - 272a?
-bb12
In base 12, what is -880143 + -3?
-880146
In base 4, what is -10 + -11122021021131?
-11122021021201
In base 6, what is 133550 + 421?
134411
In base 2, what is 1010010010111011 - 111110111011?
1001010100000000
In base 6, what is 322500520 - -33?
322500553
In base 2, what is -101 + 10111010110100001011110111?
10111010110100001011110010
In base 16, what is 6 + -6a2ce5?
-6a2cdf
In base 9, what is 185247 + -78?
185158
In base 7, what is -24061 + 154?
-23604
In base 13, what is c4 + 5a482?
5a576
In base 15, 